 the greatest common factor of 5813340 and 232?
116
What is the highest common divisor of 835 and 94522?
167
Calculate the highest common factor of 6 and 139527.
3
What is the greatest common factor of 252 and 354924?
36
What is the greatest common factor of 968 and 10120?
88
What is the highest common divisor of 117 and 10803?
39
What is the highest common divisor of 9462 and 78933?
249
Calculate the greatest common factor of 57850 and 40300.
650
What is the highest common divisor of 1032 and 6151408?
344
What is the highest common factor of 339990 and 21?
21
What is the highest common divisor of 177667 and 357?
119
Calculate the greatest common factor of 8036 and 1734628.
1148
What is the highest common divisor of 61800 and 930?
30
What is the highest common factor of 59339 and 2401?
343
What is the greatest common factor of 366007 and 452?
113
Calculate the highest common factor of 537920 and 960.
320
Calculate the highest common factor of 1890 and 4440.
30
Calculate the highest common divisor of 52072 and 368.
184
What is the greatest common factor of 9071 and 1081?
47
What is the greatest common divisor of 1400 and 126392?
56
Calculate the highest common factor of 93 and 15593.
31
Calculate the greatest common factor of 255204 and 204.
204
What is the greatest common divisor of 399833 and 7?
7
What is the greatest common divisor of 608 and 448?
32
Calculate the highest common divisor of 2750 and 1408.
22
Calculate the greatest common divisor of 518 and 137914.
14
Calculate the greatest common factor of 17097 and 15621.
123
What is the greatest common factor of 12280 and 9517?
307
Calculate the highest common factor of 15355 and 14985.
185
Calculate the highest common factor of 402 and 498.
6
Calculate the highest common factor of 209638 and 2398.
22
What is the highest common divisor of 8 and 798004?
4
Calculate the highest common divisor of 1939635 and 135.
45
Calculate the greatest common factor of 1508 and 34307.
377
What is the highest common factor of 17334 and 324?
162
What is the greatest common factor of 50086 and 8242?
634
What is the greatest common factor of 9072 and 150444?
756
Calculate the greatest common factor of 12 and 1219524.
12
Calculate the highest common divisor of 24960 and 5928.
312
Calculate the highest common divisor of 72 and 5517.
9
Calculate the greatest common divisor of 3359919 and 326.
163
What is the highest common factor of 1740 and 540?
60
What is the highest common divisor of 848 and 28037?
53
What is the greatest common divisor of 448 and 11968?
64
Calculate the highest common factor of 72080 and 148240.
1360
Calculate the greatest common divisor of 307 and 18341101.
307
What is the highest common divisor of 2404130 and 1720?
430
What is the greatest common divisor of 216 and 5700?
12
Calculate the greatest common factor of 1568 and 272440.
392
Calculate the highest common factor of 247 and 11206.
13
Calculate the highest common factor of 580050 and 120.
30
What is the greatest common divisor of 46409 and 55?
11
Calculate the highest common factor of 29022 and 280.
14
Calculate the highest common factor of 349200 and 2304.
144
Calculate the greatest common divisor of 811679 and 4972.
1243
Calculate the highest common factor of 870026 and 17.
17
Calculate the highest common factor of 2688 and 1008.
336
Calculate the highest common divisor of 113035 and 9776.
611
Calculate the greatest common factor of 8 and 2207504.
8
Calculate the highest common factor of 2161168 and 1.
1
What is the greatest common factor of 458761 and 1737?
193
What is the highest common divisor of 21484 and 1476?
164
What is the highest common divisor of 13066 and 9174?
278
Calculate the greatest common divisor of 6237 and 228987.
891
Calculate the greatest common factor of 10 and 252290.
10
Calculate the greatest common factor of 165 and 339315.
15
Calculate the highest common factor of 1142 and 8450800.
1142
Calculate the highest common factor of 10295 and 40.
5
What is the greatest common factor of 16150 and 61200?
850
What is the highest common factor of 144 and 7264?
16
What is the highest common divisor of 8 and 685680?
8
What is the highest common factor of 5389 and 3383?
17
Calculate the highest common divisor of 21 and 21189.
21
Calculate the greatest common factor of 13293 and 1008.
63
What is the greatest common divisor of 702 and 2376?
54
What is the highest common factor of 39571 and 7?
7
What is the highest common factor of 232 and 350552?
232
What is the greatest common divisor of 122388 and 6789?
93
Calculate the greatest common divisor of 46 and 581831.
23
What is the highest common divisor of 768 and 90582?
6
What is the greatest common factor of 1470179 and 83?
83
What is the highest common divisor of 32 and 5632?
32
Calculate the greatest common factor of 222 and 543.
3
What is the highest common factor of 939165 and 435?
435
Calculate the greatest common divisor of 430338 and 34.
34
Calculate the greatest common factor of 2069799 and 1194.
597
What is the greatest common divisor of 6 and 22317?
3
Calculate the greatest common divisor of 7 and 11459.
7
What is the highest common divisor of 153436 and 4310?
862
What is the greatest common divisor of 5661 and 1611?
9
Calculate the greatest common factor of 936 and 1491282.
234
Calculate the greatest common divisor of 30 and 89130.
30
What is the greatest common divisor of 2118720 and 64?
64
Calculate the highest common divisor of 11844 and 7056.
252
Calculate the greatest common divisor of 2984 and 294297.
373
What is the greatest common divisor of 7638 and 340494?
402
Calculate the greatest common divisor of 17532 and 256.
4
Calculate the highest common divisor of 42551 and 136.
17
What is the greatest common factor of 1537150 and 1732?
866
Calculate the greatest common divisor of 1935613 and 212.
53
Calculate the highest common factor of 10363 and 17111.
241
What is the highest common factor of 77448 and 48?
24
Calculate the greatest common divisor of 629918 and 170.
34
Calculate the greatest common divisor of 462186 and 1268.
634
What is the highest common divisor of 45 and 43455?
15
What is the highest common factor of 255374 and 476?
238
What is the greatest common divisor of 6433595 and 1645?
1645
What is the greatest common divisor of 182 and 1937?
13
Calculate the highest common divisor of 19631 and 1072.
67
Calculate the highest common factor of 16590 and 1050.
210
What is the highest common divisor of 959 and 189?
7
Calculate the greatest common factor of 1152 and 139428.
36
Calculate the highest common factor of 141751 and 2519.
229
Calculate the greatest common factor of 69 and 181815.
69
Calculate the highest common divisor of 24300 and 84564.
972
Calculate the greatest common factor of 1192 and 4023.
149
What is the greatest common divisor of 47504 and 16?
16
What is the greatest common divisor of 74 and 598993?
37
Calculate the greatest common divisor of 150 and 1587.
3
Calculate the greatest common divisor of 300 and 38820.
60
What is the greatest common factor of 147108 and 6279?
897
What is the greatest common divisor of 242755 and 47?
47
What is the highest common divisor of 7604 and 1188?
4
Calculate the highest common factor of 10464 and 384.
96
Calculate the highest common factor of 376613 and 274.
137
What is the highest common divisor of 96 and 35104?
32
Calculate the greatest common factor of 385 and 8505.
35
Calculate the highest common factor of 61608 and 1359.
453
Calculate the highest common divisor of 12324 and 364.
52
Calculate the greatest common factor of 229736 and 156.
52
What is the highest common divisor of 45 and 196815?
15
What is the highest common factor of 27030 and 75?
15
What is the highest common divisor of 10252 and 88?
44
Calculate the highest common divisor of 35955 and 141.
141
What is the highest common divisor of 1252 and 150866?
626
What is the highest common factor of 270 and 1930365?
135
Calculate the greatest common factor of 1007 and 1793096.
53
Calculate the greatest common divisor of 26 and 102661.
13
What is the greatest common factor of 8550 and 306?
18
What is the highest common divisor of 74333 and 518?
259
What is the greatest common factor of 1222 and 15322?
94
Calculate the greatest common diviso